- 17 - -17)) + (-8 - -1).
-19
Calculate 21 + -7 + 8 - 35.
-13
What is the value of -7 - (-6 - (11 + -12 + 7))?
5
Calculate (13 - (-1 - -13)) + 22 - (-6 - -11).
18
-19 + (-3 - (-32 + 5) - 15)
-10
What is -1508 + 1471 + (0 - -4)?
-33
What is -31 + 7 + 6 - (-1 + -3)?
-14
What is the value of (23 - 40 - (3 + (-8 - 2))) + 24?
14
17 + 1 + 1 + -13
6
What is the value of 19 + 2 - -4 - (-471 - -460)?
36
Calculate 9 - -1 - (21 + (-2 - 19)) - 8.
2
What is (-25 + -16 - -41) + 14?
14
What is the value of (-6 - 0) + -3 + 3 - (2 + 1)?
-9
Evaluate -7 + (-1 - -2 - (-104 + 109)).
-11
Evaluate (33 - 29) + 0 + -4 + -4 - -16.
12
What is the value of 13 + -1 - (-238 + 227)?
23
(-6 - (0 + 13 - 3)) + 5
-11
9 + (24 - 12 - 25) + -7
-11
Calculate 30 - (-20 - -40) - 21.
-11
Evaluate 27 + 4 - (-139 + 134 - (1 + -15)).
22
Evaluate 109 + -135 + (4 - -26).
4
Evaluate 17 + 24 - 17 - 31.
-7
Evaluate -2 + 0 + 20 - (-18 - -12 - -5).
19
-1 + 0 - (3 + -6 + 17 + -18)
3
Evaluate -4 + 1 + -6 + -1.
-10
What is the value of -13 - -2 - (17 - -2 - 18)?
-12
6 + -3 - (-3 + 0)
6
Calculate -27 + 8 + -13 + 15.
-17
Evaluate 13 + -15 + -6 + 5 + 2.
-1
11 + -1 + 0 + (4 - 5)
9
-35 + 30 - 27 - -25
-7
Evaluate -12 + 5 + 1 + -29 + 25 - -3.
-7
Evaluate 10 + -1 + 20 + -65 + 12.
-24
Evaluate 14 - (30 + (0 - 7)).
-9
Calculate (13 - 23 - -7) + -13 + 5 + -1.
-12
What is (2 - (-4 - 0)) + (36 - 44)?
-2
What is the value of (-2 - (-8 - -1)) + 29 + 18 + -37?
15
Calculate 10 - (0 + -13 + 16).
7
Evaluate -345 + 358 + -9 + (-3 - -2) + 1.
4
What is the value of -1 + -9 - (7 - 22) - (-3 + 0)?
8
16 - 59 - -30 - 22
-35
Calculate -28 - (0 - -9 - 27).
-10
What is (-5 - -1 - -8) + 5 + 0?
9
What is the value of 36 + ((14 - 43) + 15 - -9)?
31
Calculate -8 - (-9 - -20 - 2) - (-8 - -1).
-10
What is -31 - -43 - -19 - 11?
20
What is the value of 25 + -3 + -24 + 17?
15
Calculate (3 - -50) + 115 + -144.
24
Evaluate -23 + -1 + (13 + -14 - (0 + -3)).
-22
Calculate 1 - -14 - (-7 + -11 + 16).
17
Evaluate -16 + 21 + (-3 - 1) - 0 - 16.
-15
What is -29 + -1 + (21 - (2 - -28))?
-39
Calculate (1 - 8 - (2 - 15)) + (-11 - -19).
14
Evaluate (-5 + -8 + 4 - -3) + 1 + 27.
22
Calculate 1 - -2 - (-8 + 0).
11
What is the value of (-2 - 8 - 26) + 19?
-17
290 + -320 - (-22 - 1)
-7
-6 - (-1 + 0) - (53 + -46) - 7
-19
Calculate 19 + -8 + -18 + -10.
-17
What is 9 + 7 + -16 + -17 + 8?
-9
Calculate -5 - -10 - (-1 + (5 - 7)).
8
42 - 19 - (1 + 5 + 2)
15
Evaluate (-4 + (-2 - -4) - 3) + -30 + 36.
1
What is -5 - 0 - ((-30 - -23) + 3)?
-1
What is the value of -25 + -5 + (15 - -7)?
-8
Evaluate 32 + -24 + 41 + -34.
15
Calculate 4 - (-51 + 3 + 14).
38
What is the value of (7 - -6 - 9) + 0 + (1 - 1)?
4
Calculate (2 - (-8 + 35)) + 23.
-2
Calculate -15 - (-7 - -3) - (-4 - -3).
-10
-8 + (15 - 7) + -1 + 0
-1
What is -5 + 5 + (-3 - (4 + 3 + -2))?
-8
Evaluate 41 + -24 + (0 - 23) + (-1 - -17).
10
What is (-1 - 13) + 14 + -9 + 18 + 15?
24
What is -14 + -9 + 31 + 12?
20
What is 9 - (21 - -3 - (-5 + 10)) - -34?
24
Calculate (45 - 1 - (5 + -3)) + (2957 - 2969).
30
7 - (-6 + (21 + -19 - (-5 + 1)))
7
What is the value of (-11 - -20 - 24) + 25?
10
What is 4 + -8 + (-134 - -135 - (0 - 21))?
18
Evaluate -5 + (-5 - -9) - 6.
-7
(19 - (-5 + 20)) + (-2 - -13)
15
Evaluate (8 + 1 - (26 - 23)) + 2 + -17.
-9
(-8 - -6) + -3 - (-3 - (-2 - -3))
-1
What is (-3 - (-19 + -5)) + (-4 - -3) - 3?
17
Calculate 10 + (35 - 51) + 12 + 0.
6
Calculate -3 + -9 + -1 + 7 + 5 + -4.
-5
0 + (-2 - 0) + (65 - (-10 - -63))
10
What is the value of 18 - 1 - (-41 - -60)?
-2
-6 - 0 - (-10 + (-7 - -4) + 9)
-2
Calculate -17 + 0 + (11 - 4).
-10
Calculate (4 - 1) + -2 + -3 - (-30 + 16).
12
What is the value of (-1 + 9 - 6 - 7) + -5?
-10
Evaluate 2 + (-36 + 14 - -11).
-9
(-1 - 14) + 3 + 1
-11
What is the value of 5 + -4 + 1 - (-5 + 1)?
6
What is (0 - (8 + (-8 - (2 + -3)))) + -4?
-5
12 - (6 + 15 + -8 + 8)
-9
Calculate -50 + -18 + 27 + 7.
-34
Evaluate 7 + 0 + (-5 + -2 - -4).
4
What is the value of -18 + 11 + (1 - -5)?
-1
What is 21 - (-5 + (4 + 0 - 0) - -5)?
17
What is the value of (-21 + 14 - 11 - 0) + 16?
-2
Calculate 0 - (1 - -12 - ((0 - 24) + 23)).
-14
What is the value of 5 + -6 - 6 - (0 + 7 - -1)?
-15
11 + -1 - (1990 + -1989)
9
18 - (-27 + 0 + 12)
33
51 + -5 - 21 - 7
18
Evaluate 24 + -19 + (-4 + -1 - (3 + -2)).
-1
5 + (-14 - -1) + 16
8
What is 127 + -104 + (0 - 1 - 1) + 3?
24
Evaluate 2 + 3 - (1 + 10 + (-23 - -23)).
-6
Evaluate (-81 - -85) + (-6 - -1) + -1.
-2
(-30 - 3) + -26 + 6 + 18
-35
Evaluate 15 + (38 + -37 - (4 + -6)).
18
Calculate -20 + 2 + 17 + -10.
-11
What is the value of 33 + 2 + -76 + (2 - -13)?
-26
Evaluate -11 - ((6 - (-10 - -26)) + -19).
18
What is -1 + 1 - -2 - (-11 - (-28 + 23))?
8
What is 0 - (8 - (14 - 11 - (-1 - -7)))?
-11
What is the value of 6 - (262 + -260 - (-11 + -1))?
-8
Evaluate -1 + 11 - (80 - 48).
-22
Calculate 1 + -4 + -26 + 5 + 17 + 9.
2
What is (-37 - 0 - -27) + 3 + -1?
-8
13 + (11 - 1) + -173 + 143
-7
Evaluate (28 - 42) + 3 + 4.
-7
Evaluate -9 + 16 + (2 - 2) - (39 - -1).
-33
What is the value of 7 + 2 + (22 - 21)?
10
Evaluate 10 + (-58 - -67) + -1 + -4.
14
-2 - -7 - (8 - (1 + 3) - 4)
5
Evaluate -8 - (-3 - ((6 - 14) + (0 - 3))).
-16
What is 0 - (5 - 1) - (-4 - -1 - -4)?
-5
What is the value of (51 - 46) + (-16 - -17 - (-4 + -1))?
11
Evaluate -42 + ((-11 - -9) + -6 - (-13 - -4)).
-41
Evaluate -4 - (-4 - -2) - (-93 + 104).
-13
What is (10 - 0) + (52 - 81 - (-1 + -10))?
-8
(1 + 1 - -17) + 16 + -26
9
What is 14 + (-2 + (-3 - 0) - (-33 + 32))?
10
What is 6 + (3 - -10 - 11)?
8
Evaluate (-1 - 7 - (-411 + 421)) + 19.
1
-4 + (1 - -8) + -5 + 3
3
-1 + -1 + 1 + (126 - 127)
-2
What is 7 + (17 - (25 + -10) - (0 + 1))?
8
What is the value of -1 - ((12 + -7 - 5) + -9)?
8
Calculate (-3 - -24) + -1 + (-538 - -533).
15
What is 5 + 3 + -1 + -15 + 2?
-6
What is (10 - 1) + (-3 - (33 - 16)) + 13?
2
Evaluate (-7 - (-22 - (-5 - -2))) + -7.
5
Evaluate 7 + -2 + 0 + (0 - 5).
0
What is 4 + -22 + 9 + 2 + -4?
-11
Calculate -6 + -1 - ((35 - 2) + -23).
-17
(4 + -41 - -3) + (523 - 523)
-34
What is the value of 19 - ((13 - 8) + 32)?
-18
Calculate -20 + -3 + (-6 - -2) + 14 + 0.
-13
4 - (-28 + 51) - (-2 + 3 + 4)
-24
(3 - 6) + (-98 - -96)
-5
Evaluate -31 + 1 + (-46 - -21 - -40).
-15
2 + 9 + (5 - -10) + -25
1
Calculate (-2 - -10) + -21 + -19 + 47.
15
Evaluate -38 + (52 - (-27 + 64)).
-23
Evaluate 8 + (15 - 6) + -28.
-11
Calculate 117 + -111 + (-6 - (4 - 3)).
-1
Evaluate (-1 - 6) + (-10 - (17 + -3 + -41)).
10
12 - -5 - (-5 + 10)
12
What is 1 - (1 - -8) - (40 + (-19 - 26))?
-3
Evaluate 74 + -67 - (18 + -1 + 1).
-11
Evaluate -11 - (5 - 9 - -5 - 0).
-12
What is the value of 258 + -262 + (2 - (-2 + -16))?
16
Evaluate 5 - ((-21 - -24 - (7 - -1)) + -4).
14
What is the value of -2 - (0 + 2) - (-19 - -6)?
9
Calculate -45 + -3 + 59 + -33.
-22
Evaluate 11 + -21 - (5 - 5) - -21.
11
What is the value of -42 + 24 + (9 - -8)?
-1
-21 - (7 - (-7 - -50))
15
What is the value of -9 + 0 - (177 - 183)?
-3
9 - (0 + -2 + (-39 - -47))
3
-3 + -9 + 18 - (-6 + -7)
19
What is the value of 9 - (24 - -1) - (7 + 3)?
-26
Calculate -49 - -5 - -11 - -11.
-22
What is the value of 1 + (0 - 0) + (29 - 36)?
-6
Evaluate (9 - 12) + (3 - 9) - -20.
11
Calculate -7 - ((-6 - -22) + -7 - 6).
-10
What is (-8 - -12) + 7 + -11 - -17?
17
Evaluate 2 + (-13 - -26) - 20.
-5
What is the value of (0 + -10 - 4) + (1 - 1) + 9?
-5
Evaluate (2 - (-1 + -8)) + -17.
-6
What is -6 + 8 + (5 - (18 + -9) - -21)?
19
7 + 0 + (20 - (6 - -12))
9
1 - (-9 + -10 + -4 + 12)
12
Evaluate 2 + -32 + 53 + -42.
-19
Evaluate 3 - (61 + -18 + -20 - -5).
-25
Evaluate -22 - -3 - (-4 - -4).
-19
Evaluate -45 - (-20 + -33) - (-1 - -4).
5
What is the value of (0 - 26) + 28 + 19?
21
What is the value of -6 + -21 - (0 + 4 + -15)?
-16
Evaluate 8 - ((3 - -13) + -11).
3
What is -22 + 36 - (5 + 21)?
-12
What is the value of -214 + 211 + (3 - 7 - (0 + 2))?
-9
Calculate -1 + 2 - (-124 - -124).
1
Evaluate 19 - (17 - (20 - 12)).
10
Calculate 5 - (-9 - -5 - (7 + -4)).
12
What is the value of 1 + (2 - 1 - 0 - (-52 - -36))?
18
Evaluate (1 + 9 - 2) + 45 + -6 + -25.
22
(-8 - (-2 + -1)) + (-52 - -96)
39
What is -55 + (63 - (2 + 29))?
-23
What is the value of -15 + (17 - (6 - -1)) - (-2 - -6)?
-9
Calculate 10 + (-14 - 8 - -11) + (1 - 1).
-1
What is 48 - (74 + -37 + 1)?
10
What is 5 - (-1 + (-11 - -6)) - 5?
6
Calculate -2